{"id":385,"date":"2025-02-16T20:15:22","date_gmt":"2025-02-16T20:15:22","guid":{"rendered":"https:\/\/ginecologacristinagarcia.com\/?page_id=385"},"modified":"2025-05-08T10:42:05","modified_gmt":"2025-05-08T10:42:05","slug":"bioplastia-facial-remodelacion-facial-y-rejuvenecimiento","status":"publish","type":"page","link":"https:\/\/ginecologacristinagarcia.com\/index.php\/bioplastia-facial-remodelacion-facial-y-rejuvenecimiento\/","title":{"rendered":"Bioplastia facial &#8211; Remodelaci\u00f3n facial y rejuvenecimiento\u200b"},"content":{"rendered":"\t\t<div data-elementor-type=\"wp-page\" data-elementor-id=\"385\" class=\"elementor elementor-385\" data-elementor-post-type=\"page\">\n\t\t\t\t<div class=\"elementor-element elementor-element-4d2a442c e-flex e-con-boxed e-con e-parent\" data-id=\"4d2a442c\" data-element_type=\"container\" data-e-type=\"container\">\n\t\t\t\t\t<div class=\"e-con-inner\">\n\t\t<div class=\"elementor-element elementor-element-54dde298 e-con-full e-flex e-con e-child\" data-id=\"54dde298\" data-element_type=\"container\" data-e-type=\"container\">\n\t\t\t\t<div class=\"elementor-element elementor-element-883dfd elementor-widget elementor-widget-heading\" data-id=\"883dfd\" data-element_type=\"widget\" data-e-type=\"widget\" data-widget_type=\"heading.default\">\n\t\t\t\t<div class=\"elementor-widget-container\">\n\t\t\t\t\t<h2 class=\"elementor-heading-title elementor-size-default\">BIOLASTIA FACIAL: REMODELACI\u00d3N Y REJUVENECIMIENTO SIN CIRUG\u00cdA EN VALENCIA<\/h2>\t\t\t\t<\/div>\n\t\t\t\t<\/div>\n\t\t\t\t<div class=\"elementor-element elementor-element-d98183 elementor-widget elementor-widget-text-editor\" data-id=\"d98183\" data-element_type=\"widget\" data-e-type=\"widget\" data-widget_type=\"text-editor.default\">\n\t\t\t\t<div class=\"elementor-widget-container\">\n\t\t\t\t\t\t\t\t\t<p data-start=\"81\" data-end=\"421\">La bioplastia facial es una t\u00e9cnica innovadora de remodelaci\u00f3n y rejuvenecimiento que permite mejorar la armon\u00eda del rostro sin necesidad de cirug\u00eda. Mediante la aplicaci\u00f3n de materiales biocompatibles, se consigue restaurar vol\u00famenes, definir contornos y suavizar signos de envejecimiento de forma segura, natural y m\u00ednimamente invasiva.<\/p><p data-start=\"423\" data-end=\"560\">Este tratamiento es ideal para quienes desean realzar su belleza y recuperar la firmeza de su piel sin largos periodos de recuperaci\u00f3n.<\/p>\t\t\t\t\t\t\t\t<\/div>\n\t\t\t\t<\/div>\n\t\t\t\t<div class=\"elementor-element elementor-element-6e3700a1 elementor-align-center elementor-widget elementor-widget-button\" data-id=\"6e3700a1\" data-element_type=\"widget\" data-e-type=\"widget\" data-widget_type=\"button.default\">\n\t\t\t\t<div class=\"elementor-widget-container\">\n\t\t\t\t\t\t\t\t\t<div class=\"elementor-button-wrapper\">\n\t\t\t\t\t<a class=\"elementor-button elementor-button-link elementor-size-sm\" href=\"https:\/\/wa.me\/34634708634\">\n\t\t\t\t\t\t<span class=\"elementor-button-content-wrapper\">\n\t\t\t\t\t\t\t\t\t<span class=\"elementor-button-text\">PIDE CITA<\/span>\n\t\t\t\t\t<\/span>\n\t\t\t\t\t<\/a>\n\t\t\t\t<\/div>\n\t\t\t\t\t\t\t\t<\/div>\n\t\t\t\t<\/div>\n\t\t\t\t<\/div>\n\t\t<div class=\"elementor-element elementor-element-521d2a53 e-con-full e-flex e-con e-child\" data-id=\"521d2a53\" data-element_type=\"container\" data-e-type=\"container\">\n\t\t\t\t<div class=\"elementor-element elementor-element-7788b893 elementor-widget elementor-widget-image\" data-id=\"7788b893\" data-element_type=\"widget\" data-e-type=\"widget\" data-widget_type=\"image.default\">\n\t\t\t\t<div class=\"elementor-widget-container\">\n\t\t\t\t\t\t\t\t\t\t\t\t\t\t\t<img fetchpriority=\"high\" decoding=\"async\" width=\"480\" height=\"315\" src=\"https:\/\/ginecologacristinagarcia.com\/wp-content\/uploads\/2025\/02\/Bioplastia-facial-Remodelacion-facial-y-rejuvenecimiento\u200b-Valencia.webp\" class=\"attachment-large size-large wp-image-391\" alt=\"\" srcset=\"https:\/\/ginecologacristinagarcia.com\/wp-content\/uploads\/2025\/02\/Bioplastia-facial-Remodelacion-facial-y-rejuvenecimiento\u200b-Valencia.webp 480w, https:\/\/ginecologacristinagarcia.com\/wp-content\/uploads\/2025\/02\/Bioplastia-facial-Remodelacion-facial-y-rejuvenecimiento\u200b-Valencia-300x197.webp 300w\" sizes=\"(max-width: 480px) 100vw, 480px\" \/>\t\t\t\t\t\t\t\t\t\t\t\t\t\t\t<\/div>\n\t\t\t\t<\/div>\n\t\t\t\t<div class=\"elementor-element elementor-element-ff339a9 elementor-widget elementor-widget-text-editor\" data-id=\"ff339a9\" data-element_type=\"widget\" data-e-type=\"widget\" data-widget_type=\"text-editor.default\">\n\t\t\t\t<div class=\"elementor-widget-container\">\n\t\t\t\t\t\t\t\t\t<p data-start=\"423\" data-end=\"560\">Este tratamiento es ideal para quienes desean realzar su belleza y recuperar la firmeza de su piel sin largos periodos de recuperaci\u00f3n.<\/p>\t\t\t\t\t\t\t\t<\/div>\n\t\t\t\t<\/div>\n\t\t\t\t<\/div>\n\t\t\t\t\t<\/div>\n\t\t\t\t<\/div>\n\t\t<div class=\"elementor-element elementor-element-2ea15129 e-flex e-con-boxed e-con e-parent\" data-id=\"2ea15129\" data-element_type=\"container\" data-e-type=\"container\">\n\t\t\t\t\t<div class=\"e-con-inner\">\n\t\t\t\t<div class=\"elementor-element elementor-element-3d619390 elementor-widget elementor-widget-heading\" data-id=\"3d619390\" data-element_type=\"widget\" data-e-type=\"widget\" data-widget_type=\"heading.default\">\n\t\t\t\t<div class=\"elementor-widget-container\">\n\t\t\t\t\t<h2 class=\"elementor-heading-title elementor-size-default\">\u00bfQu\u00e9 es la bioplastia facial y c\u00f3mo funciona?<\/h2>\t\t\t\t<\/div>\n\t\t\t\t<\/div>\n\t\t\t\t<div class=\"elementor-element elementor-element-56ac2e58 elementor-widget elementor-widget-text-editor\" data-id=\"56ac2e58\" data-element_type=\"widget\" data-e-type=\"widget\" data-widget_type=\"text-editor.default\">\n\t\t\t\t<div class=\"elementor-widget-container\">\n\t\t\t\t\t\t\t\t\t<p data-start=\"618\" data-end=\"958\">La bioplastia facial consiste en la infiltraci\u00f3n de sustancias de relleno en zonas espec\u00edficas del rostro para corregir asimetr\u00edas, redefinir contornos y restaurar vol\u00famenes perdidos con el tiempo. A diferencia de otros procedimientos, se realiza con microc\u00e1nulas, lo que minimiza el riesgo de hematomas y permite una recuperaci\u00f3n r\u00e1pida.<\/p><p data-start=\"960\" data-end=\"1088\">Este tratamiento se adapta a las necesidades individuales de cada paciente, ofreciendo resultados personalizados y armoniosos.<\/p>\t\t\t\t\t\t\t\t<\/div>\n\t\t\t\t<\/div>\n\t\t\t\t<div class=\"elementor-element elementor-element-1e0bcfbe elementor-widget elementor-widget-heading\" data-id=\"1e0bcfbe\" data-element_type=\"widget\" data-e-type=\"widget\" data-widget_type=\"heading.default\">\n\t\t\t\t<div class=\"elementor-widget-container\">\n\t\t\t\t\t<h2 class=\"elementor-heading-title elementor-size-default\">Beneficios de la bioplastia facial<\/h2>\t\t\t\t<\/div>\n\t\t\t\t<\/div>\n\t\t\t\t<div class=\"elementor-element elementor-element-1217c92d elementor-widget elementor-widget-text-editor\" data-id=\"1217c92d\" data-element_type=\"widget\" data-e-type=\"widget\" data-widget_type=\"text-editor.default\">\n\t\t\t\t<div class=\"elementor-widget-container\">\n\t\t\t\t\t\t\t\t\t<p data-start=\"1135\" data-end=\"1266\">La bioplastia ofrece m\u00faltiples ventajas para quienes buscan un rejuvenecimiento facial sin recurrir a intervenciones quir\u00fargicas:<\/p><ul data-start=\"1268\" data-end=\"1769\"><li data-start=\"1268\" data-end=\"1345\"><strong data-start=\"1270\" data-end=\"1302\">Rejuvenecimiento sin cirug\u00eda<\/strong>, con resultados naturales y progresivos.<\/li><li data-start=\"1346\" data-end=\"1426\"><strong data-start=\"1348\" data-end=\"1384\">Definici\u00f3n de contornos faciales<\/strong>, mejorando p\u00f3mulos, ment\u00f3n y mand\u00edbula.<\/li><li data-start=\"1427\" data-end=\"1486\"><strong data-start=\"1429\" data-end=\"1457\">Correcci\u00f3n de asimetr\u00edas<\/strong> y armonizaci\u00f3n del rostro.<\/li><li data-start=\"1487\" data-end=\"1579\"><strong data-start=\"1489\" data-end=\"1533\">Atenuaci\u00f3n de arrugas y surcos profundos<\/strong>, como el nasogeniano y el c\u00f3digo de barras.<\/li><li data-start=\"1580\" data-end=\"1650\"><strong data-start=\"1582\" data-end=\"1612\">Efecto lifting sin bistur\u00ed<\/strong>, restaurando la firmeza de la piel.<\/li><li data-start=\"1651\" data-end=\"1769\"><strong data-start=\"1653\" data-end=\"1703\">Procedimiento r\u00e1pido y con m\u00ednima recuperaci\u00f3n<\/strong>, permitiendo retomar las actividades diarias casi de inmediato.<\/li><\/ul>\t\t\t\t\t\t\t\t<\/div>\n\t\t\t\t<\/div>\n\t\t\t\t<div class=\"elementor-element elementor-element-4a4cb04c elementor-widget elementor-widget-heading\" data-id=\"4a4cb04c\" data-element_type=\"widget\" data-e-type=\"widget\" data-widget_type=\"heading.default\">\n\t\t\t\t<div class=\"elementor-widget-container\">\n\t\t\t\t\t<h2 class=\"elementor-heading-title elementor-size-default\">\u00c1reas tratadas con bioplastia<\/h2>\t\t\t\t<\/div>\n\t\t\t\t<\/div>\n\t\t\t\t<div class=\"elementor-element elementor-element-2204daf4 elementor-widget elementor-widget-text-editor\" data-id=\"2204daf4\" data-element_type=\"widget\" data-e-type=\"widget\" data-widget_type=\"text-editor.default\">\n\t\t\t\t<div class=\"elementor-widget-container\">\n\t\t\t\t\t\t\t\t\t<p data-start=\"1811\" data-end=\"1918\">Este tratamiento se puede aplicar en diferentes zonas del rostro para mejorar su estructura y apariencia:<\/p><ul data-start=\"1920\" data-end=\"2384\"><li data-start=\"1920\" data-end=\"1990\"><strong data-start=\"1922\" data-end=\"1933\">P\u00f3mulos<\/strong>: Aumento y definici\u00f3n para una apariencia m\u00e1s juvenil.<\/li><li data-start=\"1991\" data-end=\"2049\"><strong data-start=\"1993\" data-end=\"2003\">Ment\u00f3n<\/strong>: Proyecci\u00f3n y equilibrio del perfil facial.<\/li><li data-start=\"2050\" data-end=\"2142\"><strong data-start=\"2052\" data-end=\"2065\">Mand\u00edbula<\/strong>: Definici\u00f3n del contorno mandibular, aportando mayor estructura al rostro.<\/li><li data-start=\"2143\" data-end=\"2236\"><strong data-start=\"2145\" data-end=\"2168\">Surcos nasogenianos<\/strong>: Relleno de l\u00edneas de expresi\u00f3n para suavizar el aspecto cansado.<\/li><li data-start=\"2237\" data-end=\"2311\"><strong data-start=\"2239\" data-end=\"2249\">Labios<\/strong>: Aumento o perfilado sutil para realzar la belleza natural.<\/li><li data-start=\"2312\" data-end=\"2384\"><strong data-start=\"2314\" data-end=\"2324\">Ojeras<\/strong>: Atenuaci\u00f3n del hundimiento y mejora del aspecto cansado.<\/li><\/ul>\t\t\t\t\t\t\t\t<\/div>\n\t\t\t\t<\/div>\n\t\t\t\t<div class=\"elementor-element elementor-element-3147144a elementor-widget elementor-widget-heading\" data-id=\"3147144a\" data-element_type=\"widget\" data-e-type=\"widget\" data-widget_type=\"heading.default\">\n\t\t\t\t<div class=\"elementor-widget-container\">\n\t\t\t\t\t<h2 class=\"elementor-heading-title elementor-size-default\">Programa tu consulta y descubre tu mejor versi\u00f3n<\/h2>\t\t\t\t<\/div>\n\t\t\t\t<\/div>\n\t\t\t\t<div class=\"elementor-element elementor-element-2dd1dd0f elementor-widget elementor-widget-text-editor\" data-id=\"2dd1dd0f\" data-element_type=\"widget\" data-e-type=\"widget\" data-widget_type=\"text-editor.default\">\n\t\t\t\t<div class=\"elementor-widget-container\">\n\t\t\t\t\t\t\t\t\t<p data-start=\"2445\" data-end=\"2720\">Si deseas remodelar tu rostro y rejuvenecer tu piel de forma natural y sin cirug\u00eda, te invitamos a solicitar una consulta con nuestros especialistas. Analizaremos tus necesidades y dise\u00f1aremos un plan personalizado para resaltar tu belleza con t\u00e9cnicas seguras y efectivas.<\/p><p data-start=\"2722\" data-end=\"2858\">Recupera la armon\u00eda y frescura de tu rostro con la bioplastia facial, una opci\u00f3n innovadora para un rejuvenecimiento sutil y duradero.<\/p>\t\t\t\t\t\t\t\t<\/div>\n\t\t\t\t<\/div>\n\t\t\t\t<div class=\"elementor-element elementor-element-67066aea elementor-align-center elementor-widget elementor-widget-button\" data-id=\"67066aea\" data-element_type=\"widget\" data-e-type=\"widget\" data-widget_type=\"button.default\">\n\t\t\t\t<div class=\"elementor-widget-container\">\n\t\t\t\t\t\t\t\t\t<div class=\"elementor-button-wrapper\">\n\t\t\t\t\t<a class=\"elementor-button elementor-button-link elementor-size-sm\" href=\"https:\/\/wa.me\/34634708634\">\n\t\t\t\t\t\t<span class=\"elementor-button-content-wrapper\">\n\t\t\t\t\t\t\t\t\t<span class=\"elementor-button-text\">PIDE CITA<\/span>\n\t\t\t\t\t<\/span>\n\t\t\t\t\t<\/a>\n\t\t\t\t<\/div>\n\t\t\t\t\t\t\t\t<\/div>\n\t\t\t\t<\/div>\n\t\t\t\t\t<\/div>\n\t\t\t\t<\/div>\n\t\t\t\t<\/div>\n\t\t","protected":false},"excerpt":{"rendered":"<p>BIOLASTIA FACIAL: REMODELACI\u00d3N Y REJUVENECIMIENTO SIN CIRUG\u00cdA EN VALENCIA La bioplastia facial es una t\u00e9cnica innovadora de remodelaci\u00f3n y rejuvenecimiento que permite mejorar la armon\u00eda del rostro sin necesidad de cirug\u00eda. Mediante la aplicaci\u00f3n de materiales biocompatibles, se consigue restaurar vol\u00famenes, definir contornos y suavizar signos de envejecimiento de forma segura, natural y m\u00ednimamente invasiva. [&hellip;]<\/p>\n","protected":false},"author":1,"featured_media":0,"parent":0,"menu_order":0,"comment_status":"closed","ping_status":"closed","template":"","meta":{"footnotes":""},"class_list":["post-385","page","type-page","status-publish","hentry"],"yoast_head":"<!-- This site is optimized with the Yoast SEO plugin v27.1.1 - https:\/\/yoast.com\/product\/yoast-seo-wordpress\/ -->\n<title>Bioplastia facial - Remodelaci\u00f3n facial y rejuvenecimiento\u200b - Ginecologa Cristina Garcia<\/title>\n<meta name=\"robots\" content=\"index, follow, max-snippet:-1, max-image-preview:large, max-video-preview:-1\" \/>\n<link rel=\"canonical\" href=\"https:\/\/ginecologacristinagarcia.com\/index.php\/bioplastia-facial-remodelacion-facial-y-rejuvenecimiento\/\" \/>\n<meta property=\"og:locale\" content=\"es_ES\" \/>\n<meta property=\"og:type\" content=\"article\" \/>\n<meta property=\"og:title\" content=\"Bioplastia facial - Remodelaci\u00f3n facial y rejuvenecimiento\u200b - Ginecologa Cristina Garcia\" \/>\n<meta property=\"og:description\" content=\"BIOLASTIA FACIAL: REMODELACI\u00d3N Y REJUVENECIMIENTO SIN CIRUG\u00cdA EN VALENCIA La bioplastia facial es una t\u00e9cnica innovadora de remodelaci\u00f3n y rejuvenecimiento que permite mejorar la armon\u00eda del rostro sin necesidad de cirug\u00eda. Mediante la aplicaci\u00f3n de materiales biocompatibles, se consigue restaurar vol\u00famenes, definir contornos y suavizar signos de envejecimiento de forma segura, natural y m\u00ednimamente invasiva. [&hellip;]\" \/>\n<meta property=\"og:url\" content=\"https:\/\/ginecologacristinagarcia.com\/index.php\/bioplastia-facial-remodelacion-facial-y-rejuvenecimiento\/\" \/>\n<meta property=\"og:site_name\" content=\"Ginecologa Cristina Garcia\" \/>\n<meta property=\"article:modified_time\" content=\"2025-05-08T10:42:05+00:00\" \/>\n<meta name=\"twitter:card\" content=\"summary_large_image\" \/>\n<meta name=\"twitter:label1\" content=\"Tiempo de lectura\" \/>\n\t<meta name=\"twitter:data1\" content=\"3 minutos\" \/>\n<script type=\"application\/ld+json\" class=\"yoast-schema-graph\">{\"@context\":\"https:\/\/schema.org\",\"@graph\":[{\"@type\":\"WebPage\",\"@id\":\"https:\/\/ginecologacristinagarcia.com\/index.php\/bioplastia-facial-remodelacion-facial-y-rejuvenecimiento\/\",\"url\":\"https:\/\/ginecologacristinagarcia.com\/index.php\/bioplastia-facial-remodelacion-facial-y-rejuvenecimiento\/\",\"name\":\"Bioplastia facial - Remodelaci\u00f3n facial y rejuvenecimiento\u200b - Ginecologa Cristina Garcia\",\"isPartOf\":{\"@id\":\"https:\/\/ginecologacristinagarcia.com\/#website\"},\"datePublished\":\"2025-02-16T20:15:22+00:00\",\"dateModified\":\"2025-05-08T10:42:05+00:00\",\"breadcrumb\":{\"@id\":\"https:\/\/ginecologacristinagarcia.com\/index.php\/bioplastia-facial-remodelacion-facial-y-rejuvenecimiento\/#breadcrumb\"},\"inLanguage\":\"es\",\"potentialAction\":[{\"@type\":\"ReadAction\",\"target\":[\"https:\/\/ginecologacristinagarcia.com\/index.php\/bioplastia-facial-remodelacion-facial-y-rejuvenecimiento\/\"]}]},{\"@type\":\"BreadcrumbList\",\"@id\":\"https:\/\/ginecologacristinagarcia.com\/index.php\/bioplastia-facial-remodelacion-facial-y-rejuvenecimiento\/#breadcrumb\",\"itemListElement\":[{\"@type\":\"ListItem\",\"position\":1,\"name\":\"Portada\",\"item\":\"https:\/\/ginecologacristinagarcia.com\/\"},{\"@type\":\"ListItem\",\"position\":2,\"name\":\"Bioplastia facial &#8211; Remodelaci\u00f3n facial y rejuvenecimiento\u200b\"}]},{\"@type\":\"WebSite\",\"@id\":\"https:\/\/ginecologacristinagarcia.com\/#website\",\"url\":\"https:\/\/ginecologacristinagarcia.com\/\",\"name\":\"Ginecologa Cristina Garcia\",\"description\":\"\",\"publisher\":{\"@id\":\"https:\/\/ginecologacristinagarcia.com\/#organization\"},\"potentialAction\":[{\"@type\":\"SearchAction\",\"target\":{\"@type\":\"EntryPoint\",\"urlTemplate\":\"https:\/\/ginecologacristinagarcia.com\/?s={search_term_string}\"},\"query-input\":{\"@type\":\"PropertyValueSpecification\",\"valueRequired\":true,\"valueName\":\"search_term_string\"}}],\"inLanguage\":\"es\"},{\"@type\":\"Organization\",\"@id\":\"https:\/\/ginecologacristinagarcia.com\/#organization\",\"name\":\"Ginecologa Cristina Garcia\",\"url\":\"https:\/\/ginecologacristinagarcia.com\/\",\"logo\":{\"@type\":\"ImageObject\",\"inLanguage\":\"es\",\"@id\":\"https:\/\/ginecologacristinagarcia.com\/#\/schema\/logo\/image\/\",\"url\":\"https:\/\/ginecologacristinagarcia.com\/wp-content\/uploads\/2025\/02\/cropped-logo-06.png\",\"contentUrl\":\"https:\/\/ginecologacristinagarcia.com\/wp-content\/uploads\/2025\/02\/cropped-logo-06.png\",\"width\":2001,\"height\":509,\"caption\":\"Ginecologa Cristina Garcia\"},\"image\":{\"@id\":\"https:\/\/ginecologacristinagarcia.com\/#\/schema\/logo\/image\/\"}}]}<\/script>\n<!-- \/ Yoast SEO plugin. -->","yoast_head_json":{"title":"Bioplastia facial - Remodelaci\u00f3n facial y rejuvenecimiento\u200b - Ginecologa Cristina Garcia","robots":{"index":"index","follow":"follow","max-snippet":"max-snippet:-1","max-image-preview":"max-image-preview:large","max-video-preview":"max-video-preview:-1"},"canonical":"https:\/\/ginecologacristinagarcia.com\/index.php\/bioplastia-facial-remodelacion-facial-y-rejuvenecimiento\/","og_locale":"es_ES","og_type":"article","og_title":"Bioplastia facial - Remodelaci\u00f3n facial y rejuvenecimiento\u200b - Ginecologa Cristina Garcia","og_description":"BIOLASTIA FACIAL: REMODELACI\u00d3N Y REJUVENECIMIENTO SIN CIRUG\u00cdA EN VALENCIA La bioplastia facial es una t\u00e9cnica innovadora de remodelaci\u00f3n y rejuvenecimiento que permite mejorar la armon\u00eda del rostro sin necesidad de cirug\u00eda. Mediante la aplicaci\u00f3n de materiales biocompatibles, se consigue restaurar vol\u00famenes, definir contornos y suavizar signos de envejecimiento de forma segura, natural y m\u00ednimamente invasiva. [&hellip;]","og_url":"https:\/\/ginecologacristinagarcia.com\/index.php\/bioplastia-facial-remodelacion-facial-y-rejuvenecimiento\/","og_site_name":"Ginecologa Cristina Garcia","article_modified_time":"2025-05-08T10:42:05+00:00","twitter_card":"summary_large_image","twitter_misc":{"Tiempo de lectura":"3 minutos"},"schema":{"@context":"https:\/\/schema.org","@graph":[{"@type":"WebPage","@id":"https:\/\/ginecologacristinagarcia.com\/index.php\/bioplastia-facial-remodelacion-facial-y-rejuvenecimiento\/","url":"https:\/\/ginecologacristinagarcia.com\/index.php\/bioplastia-facial-remodelacion-facial-y-rejuvenecimiento\/","name":"Bioplastia facial - Remodelaci\u00f3n facial y rejuvenecimiento\u200b - Ginecologa Cristina Garcia","isPartOf":{"@id":"https:\/\/ginecologacristinagarcia.com\/#website"},"datePublished":"2025-02-16T20:15:22+00:00","dateModified":"2025-05-08T10:42:05+00:00","breadcrumb":{"@id":"https:\/\/ginecologacristinagarcia.com\/index.php\/bioplastia-facial-remodelacion-facial-y-rejuvenecimiento\/#breadcrumb"},"inLanguage":"es","potentialAction":[{"@type":"ReadAction","target":["https:\/\/ginecologacristinagarcia.com\/index.php\/bioplastia-facial-remodelacion-facial-y-rejuvenecimiento\/"]}]},{"@type":"BreadcrumbList","@id":"https:\/\/ginecologacristinagarcia.com\/index.php\/bioplastia-facial-remodelacion-facial-y-rejuvenecimiento\/#breadcrumb","itemListElement":[{"@type":"ListItem","position":1,"name":"Portada","item":"https:\/\/ginecologacristinagarcia.com\/"},{"@type":"ListItem","position":2,"name":"Bioplastia facial &#8211; Remodelaci\u00f3n facial y rejuvenecimiento\u200b"}]},{"@type":"WebSite","@id":"https:\/\/ginecologacristinagarcia.com\/#website","url":"https:\/\/ginecologacristinagarcia.com\/","name":"Ginecologa Cristina Garcia","description":"","publisher":{"@id":"https:\/\/ginecologacristinagarcia.com\/#organization"},"potentialAction":[{"@type":"SearchAction","target":{"@type":"EntryPoint","urlTemplate":"https:\/\/ginecologacristinagarcia.com\/?s={search_term_string}"},"query-input":{"@type":"PropertyValueSpecification","valueRequired":true,"valueName":"search_term_string"}}],"inLanguage":"es"},{"@type":"Organization","@id":"https:\/\/ginecologacristinagarcia.com\/#organization","name":"Ginecologa Cristina Garcia","url":"https:\/\/ginecologacristinagarcia.com\/","logo":{"@type":"ImageObject","inLanguage":"es","@id":"https:\/\/ginecologacristinagarcia.com\/#\/schema\/logo\/image\/","url":"https:\/\/ginecologacristinagarcia.com\/wp-content\/uploads\/2025\/02\/cropped-logo-06.png","contentUrl":"https:\/\/ginecologacristinagarcia.com\/wp-content\/uploads\/2025\/02\/cropped-logo-06.png","width":2001,"height":509,"caption":"Ginecologa Cristina Garcia"},"image":{"@id":"https:\/\/ginecologacristinagarcia.com\/#\/schema\/logo\/image\/"}}]}},"_links":{"self":[{"href":"https:\/\/ginecologacristinagarcia.com\/index.php\/wp-json\/wp\/v2\/pages\/385","targetHints":{"allow":["GET"]}}],"collection":[{"href":"https:\/\/ginecologacristinagarcia.com\/index.php\/wp-json\/wp\/v2\/pages"}],"about":[{"href":"https:\/\/ginecologacristinagarcia.com\/index.php\/wp-json\/wp\/v2\/types\/page"}],"author":[{"embeddable":true,"href":"https:\/\/ginecologacristinagarcia.com\/index.php\/wp-json\/wp\/v2\/users\/1"}],"replies":[{"embeddable":true,"href":"https:\/\/ginecologacristinagarcia.com\/index.php\/wp-json\/wp\/v2\/comments?post=385"}],"version-history":[{"count":10,"href":"https:\/\/ginecologacristinagarcia.com\/index.php\/wp-json\/wp\/v2\/pages\/385\/revisions"}],"predecessor-version":[{"id":740,"href":"https:\/\/ginecologacristinagarcia.com\/index.php\/wp-json\/wp\/v2\/pages\/385\/revisions\/740"}],"wp:attachment":[{"href":"https:\/\/ginecologacristinagarcia.com\/index.php\/wp-json\/wp\/v2\/media?parent=385"}],"curies":[{"name":"wp","href":"https:\/\/api.w.org\/{rel}","templated":true}]}}